{"id":19898,"date":"2020-11-06T20:09:58","date_gmt":"2020-11-06T19:09:58","guid":{"rendered":"https:\/\/carrasco.controlv.es\/?post_type=product&#038;p=19898"},"modified":"2025-06-18T12:14:18","modified_gmt":"2025-06-18T10:14:18","slug":"chorizo-extra-iberico-de-bellota-campana","status":"publish","type":"product","link":"https:\/\/lahojadelcarrasco.com\/tienda\/producto\/chorizo-extra-iberico-de-bellota-campana\/","title":{"rendered":"Chorizo Extra Ib\u00e9rico de Bellota Campa\u00f1a"},"content":{"rendered":"<p><strong>ENV\u00cdOS:\u00a0<\/strong>Pagados para pedido superiores a 125\u20ac. Entrega en 3-4 d\u00edas h\u00e1biles desde la confirmaci\u00f3n del pedido, para productos loncheados 8-10 d\u00edas h\u00e1biles)<\/p>\n<p><strong>INGREDIENTES<\/strong>:\u00a0Carne y grasa de cerdo de Ib\u00e9rico Bellota, sal, Piment\u00f3n El Sequero, ajo, az\u00facares y conservador (E-250)<\/p>\n<p><strong>AL\u00c9RGENOS:<\/strong>\u00a0Sin lactosa, sin gluten<\/p>\n<p><strong>VALORES NUTRICIONALES (100g):<\/strong><\/p>\n<p><img decoding=\"async\" class=\"alignnone wp-image-20072 size-medium\" src=\"https:\/\/lahojadelcarrasco.com\/tienda\/wp-content\/uploads\/2020\/11\/tabla-chori-300x139.png\" alt=\"\" width=\"300\" height=\"139\" srcset=\"https:\/\/lahojadelcarrasco.com\/tienda\/wp-content\/uploads\/2020\/11\/tabla-chori-200x93.png 200w, https:\/\/lahojadelcarrasco.com\/tienda\/wp-content\/uploads\/2020\/11\/tabla-chori-300x139.png 300w, https:\/\/lahojadelcarrasco.com\/tienda\/wp-content\/uploads\/2020\/11\/tabla-chori-400x186.png 400w, https:\/\/lahojadelcarrasco.com\/tienda\/wp-content\/uploads\/2020\/11\/tabla-chori.png 422w\" sizes=\"(max-width: 300px) 100vw, 300px\" \/><\/p>\n<p><em>\u00a0<strong>*<\/strong> Debido a su elaboraci\u00f3n artesanal y a la mayor o menor infiltraci\u00f3n de grasa que presenten las piezas, pueden detectarse valores con alguna desviaci\u00f3n respecto a los descritos en los productos.<\/em><\/p>\n","protected":false},"excerpt":{"rendered":"<p><strong>Peso Pieza \u00f3 2 Mitades:<\/strong>\u00a01 \u2013 1,2 kg<\/p>\n<p><strong>Loncheado:<\/strong>\u00a010 sobres de 100g<\/p>\n<p><strong>\u00a1Elige modo de preparaci\u00f3n!<\/strong><\/p>\n","protected":false},"featured_media":20951,"template":"","meta":[],"product_cat":[41],"product_tag":[],"_links":{"self":[{"href":"https:\/\/lahojadelcarrasco.com\/tienda\/wp-json\/wp\/v2\/product\/19898"}],"collection":[{"href":"https:\/\/lahojadelcarrasco.com\/tienda\/wp-json\/wp\/v2\/product"}],"about":[{"href":"https:\/\/lahojadelcarrasco.com\/tienda\/wp-json\/wp\/v2\/types\/product"}],"wp:featuredmedia":[{"embeddable":true,"href":"https:\/\/lahojadelcarrasco.com\/tienda\/wp-json\/wp\/v2\/media\/20951"}],"wp:attachment":[{"href":"https:\/\/lahojadelcarrasco.com\/tienda\/wp-json\/wp\/v2\/media?parent=19898"}],"wp:term":[{"taxonomy":"product_cat","embeddable":true,"href":"https:\/\/lahojadelcarrasco.com\/tienda\/wp-json\/wp\/v2\/product_cat?post=19898"},{"taxonomy":"product_tag","embeddable":true,"href":"https:\/\/lahojadelcarrasco.com\/tienda\/wp-json\/wp\/v2\/product_tag?post=19898"}],"curies":[{"name":"wp","href":"https:\/\/api.w.org\/{rel}","templated":true}]}}