{"id":20100,"date":"2020-11-12T18:09:45","date_gmt":"2020-11-12T17:09:45","guid":{"rendered":"https:\/\/carrasco.controlv.es\/?post_type=product&#038;p=20100"},"modified":"2025-06-18T12:03:23","modified_gmt":"2025-06-18T10:03:23","slug":"sobrasada-iberica-de-bellota-campana","status":"publish","type":"product","link":"https:\/\/lahojadelcarrasco.com\/tienda\/producto\/sobrasada-iberica-de-bellota-campana\/","title":{"rendered":"Sobrasada Ib\u00e9rica de Bellota Campa\u00f1a"},"content":{"rendered":"<p><strong>ENV\u00cdOS:\u00a0<\/strong>Pagados para pedido superiores a 125\u20ac. Entrega en 3-4 d\u00edas h\u00e1biles desde la confirmaci\u00f3n del pedido, para productos loncheados 8-10 d\u00edas h\u00e1biles<\/p>\n<p><strong>INGREDIENTES<\/strong>: Carne y grasa de cerdo de Bellota Ib\u00e9rico, <strong>lactosa<\/strong>, especias, az\u00facar, antioxidante (E-316), potenciador del sabor (E621) y conservador (E-252), piment\u00f3n y sal. Sin E-124<\/p>\n<p><strong>AL\u00c9RGENOS:<\/strong> Contiene lactosa, sin gluten<\/p>\n<p><strong>VALORES NUTRICIONALES (100g):<\/strong><\/p>\n<p><img decoding=\"async\" class=\"alignnone wp-image-20104 size-medium\" src=\"https:\/\/lahojadelcarrasco.com\/tienda\/wp-content\/uploads\/2020\/11\/Sobrasada-300x138.png\" alt=\"\" width=\"300\" height=\"138\" srcset=\"https:\/\/lahojadelcarrasco.com\/tienda\/wp-content\/uploads\/2020\/11\/Sobrasada-200x92.png 200w, https:\/\/lahojadelcarrasco.com\/tienda\/wp-content\/uploads\/2020\/11\/Sobrasada-300x138.png 300w, https:\/\/lahojadelcarrasco.com\/tienda\/wp-content\/uploads\/2020\/11\/Sobrasada-400x183.png 400w, https:\/\/lahojadelcarrasco.com\/tienda\/wp-content\/uploads\/2020\/11\/Sobrasada.png 410w\" sizes=\"(max-width: 300px) 100vw, 300px\" \/><\/p>\n<p><em><strong>*<\/strong> Debido a su elaboraci\u00f3n artesanal y a la mayor o menor infiltraci\u00f3n de grasa que presenten las piezas, pueden detectarse valores con alguna desviaci\u00f3n respecto a los descritos en los productos.<\/em><\/p>\n","protected":false},"excerpt":{"rendered":"<p><b>Peso Entera o 2 mitades:<\/b> 1 &#8211; 1,2 kg<\/p>\n<p><strong>Porcionada:<\/strong> en trozos de 250-300 g<\/p>\n<p><strong>\u00a1Elige forma de preparaci\u00f3n!<\/strong><\/p>\n","protected":false},"featured_media":20182,"template":"","meta":[],"product_cat":[45],"product_tag":[],"_links":{"self":[{"href":"https:\/\/lahojadelcarrasco.com\/tienda\/wp-json\/wp\/v2\/product\/20100"}],"collection":[{"href":"https:\/\/lahojadelcarrasco.com\/tienda\/wp-json\/wp\/v2\/product"}],"about":[{"href":"https:\/\/lahojadelcarrasco.com\/tienda\/wp-json\/wp\/v2\/types\/product"}],"wp:featuredmedia":[{"embeddable":true,"href":"https:\/\/lahojadelcarrasco.com\/tienda\/wp-json\/wp\/v2\/media\/20182"}],"wp:attachment":[{"href":"https:\/\/lahojadelcarrasco.com\/tienda\/wp-json\/wp\/v2\/media?parent=20100"}],"wp:term":[{"taxonomy":"product_cat","embeddable":true,"href":"https:\/\/lahojadelcarrasco.com\/tienda\/wp-json\/wp\/v2\/product_cat?post=20100"},{"taxonomy":"product_tag","embeddable":true,"href":"https:\/\/lahojadelcarrasco.com\/tienda\/wp-json\/wp\/v2\/product_tag?post=20100"}],"curies":[{"name":"wp","href":"https:\/\/api.w.org\/{rel}","templated":true}]}}