{"id":20139,"date":"2020-11-12T18:56:19","date_gmt":"2020-11-12T17:56:19","guid":{"rendered":"https:\/\/carrasco.controlv.es\/?post_type=product&#038;p=20139"},"modified":"2025-06-18T11:59:25","modified_gmt":"2025-06-18T09:59:25","slug":"pack-loncheado-gourmet-50","status":"publish","type":"product","link":"https:\/\/lahojadelcarrasco.com\/tienda\/producto\/pack-loncheado-gourmet-50\/","title":{"rendered":"PACK LONCHEADO GOURMET 50%"},"content":{"rendered":"<p><strong>PRESENTACI\u00d3N:<\/strong>\u00a0Sobre de 100g en caja (4 unidades), paquete (10 unidades) o maleta (20 unidades)<\/p>\n<p><strong>ENV\u00cdOS:\u00a0<\/strong>Pagados para pedido superiores a 125\u20ac. Entrega para productos loncheados 8-10 d\u00edas h\u00e1biles<\/p>\n<p><strong>INGREDIENTES<\/strong>: Consultar\u00a0 ficha de cada producto en la categor\u00eda EMBUTIDOS y JAMONES Y PALETAS.<\/p>\n<p><strong>AL\u00c9RGENOS:<\/strong>\u00a0Sin lactosa, sin gluten<\/p>\n","protected":false},"excerpt":{"rendered":"<p><b>\u00bfCu\u00e1ntos quieres?<\/b><\/p>\n<p>CAJA DE 4 UNIDADES (sobre 100g):<\/p>\n<ul>\n<li>1 Jam\u00f3n Bellota Ib\u00e9rico 50% Raza Ib\u00e9rica<\/li>\n<li>1 Lomo de Bellota Ib\u00e9rico 50% Raza Ib\u00e9rica<\/li>\n<li>1 Chorizo Extra Ib\u00e9rico de Bellota Campa\u00f1a<\/li>\n<li>1 Salchich\u00f3n Extra Ib\u00e9rico de Bellota Campa\u00f1a<\/li>\n<\/ul>\n<p>CAJA DE 10 UNIDADES (sobre 100g):<\/p>\n<ul>\n<li>3 Jam\u00f3n Bellota Ib\u00e9rico 50% Raza Ib\u00e9rica<\/li>\n<li>3 Lomo de Bellota Ib\u00e9rico 50% Raza Ib\u00e9rica<\/li>\n<li>2 Chorizo Extra Ib\u00e9rico de Bellota Campa\u00f1a<\/li>\n<li>2 Salchich\u00f3n Extra Ib\u00e9rico de Bellota Campa\u00f1a<\/li>\n<\/ul>\n<p>CAJA DE 20 UNIDADES (sobre 100g):<\/p>\n<ul>\n<li>5 Jam\u00f3n Bellota Ib\u00e9rico 50% Raza Ib\u00e9rica<\/li>\n<li>5 Lomo de Bellota Ib\u00e9rico 50% Raza Ib\u00e9rica<\/li>\n<li>5 Chorizo Extra Ib\u00e9rico de Bellota Campa\u00f1a<\/li>\n<li>5 Salchich\u00f3n Extra Ib\u00e9rico de Bellota Campa\u00f1a<\/li>\n<\/ul>\n","protected":false},"featured_media":20766,"template":"","meta":[],"product_cat":[44],"product_tag":[],"_links":{"self":[{"href":"https:\/\/lahojadelcarrasco.com\/tienda\/wp-json\/wp\/v2\/product\/20139"}],"collection":[{"href":"https:\/\/lahojadelcarrasco.com\/tienda\/wp-json\/wp\/v2\/product"}],"about":[{"href":"https:\/\/lahojadelcarrasco.com\/tienda\/wp-json\/wp\/v2\/types\/product"}],"wp:featuredmedia":[{"embeddable":true,"href":"https:\/\/lahojadelcarrasco.com\/tienda\/wp-json\/wp\/v2\/media\/20766"}],"wp:attachment":[{"href":"https:\/\/lahojadelcarrasco.com\/tienda\/wp-json\/wp\/v2\/media?parent=20139"}],"wp:term":[{"taxonomy":"product_cat","embeddable":true,"href":"https:\/\/lahojadelcarrasco.com\/tienda\/wp-json\/wp\/v2\/product_cat?post=20139"},{"taxonomy":"product_tag","embeddable":true,"href":"https:\/\/lahojadelcarrasco.com\/tienda\/wp-json\/wp\/v2\/product_tag?post=20139"}],"curies":[{"name":"wp","href":"https:\/\/api.w.org\/{rel}","templated":true}]}}